{"id":523,"date":"2015-12-09T21:19:26","date_gmt":"2015-12-09T20:19:26","guid":{"rendered":"http:\/\/www.aguablanca-herborn.de\/?page_id=523"},"modified":"2016-04-19T11:43:02","modified_gmt":"2016-04-19T09:43:02","slug":"klara","status":"publish","type":"page","link":"https:\/\/www.aguablanca-herborn.de\/es\/klara\/","title":{"rendered":"Klara"},"content":{"rendered":"<table>\n<tbody>\n<tr>\n<td width=\"376\"><span style=\"color: #008080;\"><strong>Zeitraum des Freiwilligendienstes<\/strong><\/span><\/td>\n<td width=\"376\"><em>August 2010 bis Juli 2011, Juli 2014 bis September 2014<\/em><\/td>\n<\/tr>\n<tr>\n<td width=\"376\"><span style=\"color: #008080;\"><strong>Wie ich zum Verein kam\u2026<\/strong><\/span><\/td>\n<td width=\"376\">&nbsp;<\/p>\n<p><em>Als ich in der 7. Klasse des Johanneum Gymnasiums war, bin ich durch Zufall darauf aufmerksam geworden, dass Frau Vollmer die Aguablanca AG wieder ins Leben rufen wollte. Ich bin der AG beigetreten und habe zusammen mit der AG viele Aktionen durchgef\u00fchrt. So haben wir u.a. Kuchen und Waffeln am Johanneum oder auch in der Herborner Fu\u00dfg\u00e4ngerzone verkauft. Somit hat mich unsere Partnerschule bereits seit 2004 begleitet und ich habe immer wieder neue Dinge \u00fcber das Land Kolumbien und die Menschen dort erfahren. In der Oberstufe hat sich dann bei mir der Wunsch entwickelt, vor Ort unsere Partnerschule kennen zu lernen, was ich dann nach dem bestandenen Abitur im Rahmen meines FSJs machen konnte.<\/em><\/p>\n<p>&nbsp;<\/td>\n<\/tr>\n<tr>\n<td width=\"376\"><span style=\"color: #008080;\"><strong>Was ich in der Schule gemacht habe\u2026<\/strong><\/span><\/td>\n<td width=\"376\"><em>W\u00e4hrend meines Einsatzes habe ich von der Vorklasse bis zur zweiten Klasse Englisch unterrichtet. Dabei ging es vor allem um das Ein\u00fcben der korrekten englischen Aussprache und das Erlernen von einfachen W\u00f6rtern zum Beispiel im Bereich Familie oder Farben. Was vielleicht noch wichtiger war, war die Kinder bedingungslos in den Arm zu nehmen und ihnen zuzuh\u00f6ren, da dies zuhause oft nicht gemacht wird.<\/em><\/p>\n<p><em>2014 war ich ein weiteres Mal in Cali, um dort einen Engpass zu \u00fcberbr\u00fccken. In dieser Zeit habe ich in allen Klassen eine Stunde Englischunterricht gegeben, wobei ich in Kleingruppen die Sch\u00fcler\/innen im Englischen gef\u00f6rdert habe. Wir haben die Aussprache ge\u00fcbt oder auch Grammatikthemen wiederholt. Au\u00dferdem habe ich in der schuleigenen B\u00e4ckerei einmal in der Woche mit kleinen Gruppen zusammen Kuchen gebacken. Begeistert waren sie vor allem vom \u201eKringekuchen\u201c, der bei uns in Herborn sehr beliebt ist.<\/em><\/p>\n<p>&nbsp;<\/td>\n<\/tr>\n<tr>\n<td width=\"376\"><span style=\"color: #008080;\"><strong>Was ich aus der Zeit mitnehme\u2026<\/strong><\/span><\/td>\n<td width=\"376\"><em>Wenn ich an die Zeit in Kolumbien denke, muss ich immer automatisch an die fr\u00f6hlichen Gesichter der Kinder denken, die mir schon morgens vor dem Unterricht \u201ehola profe!\u201c entgegen gerufen haben, auf mich zugelaufen sind und mich umarmt haben. Diese besondere Herzlichkeit und Fr\u00f6hlichkeit der Menschen zeichnen das Land aus und stecken einfach an. Zufriedenheit mit dem was man hat und Freude auch an kleinen Dingen zu haben, ist den Menschen genauso wichtig und schenkt ihnen Gen\u00fcgsamkeit und Lebensfreude.<\/em><\/p>\n<p>&nbsp;<\/td>\n<\/tr>\n<tr>\n<td width=\"376\"><span style=\"color: #008080;\"><strong>Was ich jetzt im Verein mache\u2026<\/strong><\/span><\/td>\n<td width=\"376\">\n<em>Nach meiner R\u00fcckkehr 2011 habe ich mich weiterhin im Verein engagiert. Mittlerweile bin ich Vostandsmitglied und bin f\u00fcr den Bereich Weltwaerts mit zust\u00e4ndig. Vorallem die p\u00e4dagogische Begleitung (Vor- und Nachbereitung, Begleitung w\u00e4hrend des Auslandeinsatzes) geh\u00f6ren nun zu meinen Aufgaben.<\/em><\/td>\n<\/tr>\n<tr>\n<td width=\"376\"><span style=\"color: #008080;\"><strong>Kontakt<\/strong><\/span><\/td>\n<td width=\"376\">&nbsp;<\/p>\n<p><em><a href=\"mailto:klara(at)aguablanca-herborn.de\">klara(at)aguablanca-herborn.de<\/a><\/em><\/td>\n<\/tr>\n<\/tbody>\n<\/table>\n","protected":false},"excerpt":{"rendered":"<p>Zeitraum des Freiwilligendienstes August 2010 bis Juli 2011, Juli 2014 bis September 2014 Wie ich zum Verein kam\u2026 &nbsp; Als ich in der 7. Klasse des Johanneum Gymnasiums war, bin ich durch Zufall darauf aufmerksam geworden, dass Frau Vollmer die Aguablanca AG wieder ins Leben rufen wollte. Ich bin der AG beigetreten und habe zusammen [&hellip;]<\/p>\n","protected":false},"author":2,"featured_media":0,"parent":0,"menu_order":0,"comment_status":"closed","ping_status":"closed","template":"","meta":{"footnotes":""},"class_list":["post-523","page","type-page","status-publish","hentry"],"_links":{"self":[{"href":"https:\/\/www.aguablanca-herborn.de\/es\/wp-json\/wp\/v2\/pages\/523","targetHints":{"allow":["GET"]}}],"collection":[{"href":"https:\/\/www.aguablanca-herborn.de\/es\/wp-json\/wp\/v2\/pages"}],"about":[{"href":"https:\/\/www.aguablanca-herborn.de\/es\/wp-json\/wp\/v2\/types\/page"}],"author":[{"embeddable":true,"href":"https:\/\/www.aguablanca-herborn.de\/es\/wp-json\/wp\/v2\/users\/2"}],"replies":[{"embeddable":true,"href":"https:\/\/www.aguablanca-herborn.de\/es\/wp-json\/wp\/v2\/comments?post=523"}],"version-history":[{"count":4,"href":"https:\/\/www.aguablanca-herborn.de\/es\/wp-json\/wp\/v2\/pages\/523\/revisions"}],"predecessor-version":[{"id":798,"href":"https:\/\/www.aguablanca-herborn.de\/es\/wp-json\/wp\/v2\/pages\/523\/revisions\/798"}],"wp:attachment":[{"href":"https:\/\/www.aguablanca-herborn.de\/es\/wp-json\/wp\/v2\/media?parent=523"}],"curies":[{"name":"wp","href":"https:\/\/api.w.org\/{rel}","templated":true}]}}

<table>
<tbody>
<tr>
<td width="376"><span style="color: #008080;"><strong>Zeitraum des Freiwilligendienstes</strong></span></td>
<td width="376"><em>August 2010 bis Juli 2011, Juli 2014 bis September 2014</em></td>
</tr>
<tr>
<td width="376"><span style="color: #008080;"><strong>Wie ich zum Verein kam…</strong></span></td>
<td width="376">&nbsp;</p>
<p><em>Als ich in der 7. Klasse des Johanneum Gymnasiums war, bin ich durch Zufall darauf aufmerksam geworden, dass Frau Vollmer die Aguablanca AG wieder ins Leben rufen wollte. Ich bin der AG beigetreten und habe zusammen mit der AG viele Aktionen durchgeführt. So haben wir u.a. Kuchen und Waffeln am Johanneum oder auch in der Herborner Fußgängerzone verkauft. Somit hat mich unsere Partnerschule bereits seit 2004 begleitet und ich habe immer wieder neue Dinge über das Land Kolumbien und die Menschen dort erfahren. In der Oberstufe hat sich dann bei mir der Wunsch entwickelt, vor Ort unsere Partnerschule kennen zu lernen, was ich dann nach dem bestandenen Abitur im Rahmen meines FSJs machen konnte.</em></p>
<p>&nbsp;</td>
</tr>
<tr>
<td width="376"><span style="color: #008080;"><strong>Was ich in der Schule gemacht habe…</strong></span></td>
<td width="376"><em>Während meines Einsatzes habe ich von der Vorklasse bis zur zweiten Klasse Englisch unterrichtet. Dabei ging es vor allem um das Einüben der korrekten englischen Aussprache und das Erlernen von einfachen Wörtern zum Beispiel im Bereich Familie oder Farben. Was vielleicht noch wichtiger war, war die Kinder bedingungslos in den Arm zu nehmen und ihnen zuzuhören, da dies zuhause oft nicht gemacht wird.</em></p>
<p><em>2014 war ich ein weiteres Mal in Cali, um dort einen Engpass zu überbrücken. In dieser Zeit habe ich in allen Klassen eine Stunde Englischunterricht gegeben, wobei ich in Kleingruppen die Schüler/innen im Englischen gefördert habe. Wir haben die Aussprache geübt oder auch Grammatikthemen wiederholt. Außerdem habe ich in der schuleigenen Bäckerei einmal in der Woche mit kleinen Gruppen zusammen Kuchen gebacken. Begeistert waren sie vor allem vom „Kringekuchen“, der bei uns in Herborn sehr beliebt ist.</em></p>
<p>&nbsp;</td>
</tr>
<tr>
<td width="376"><span style="color: #008080;"><strong>Was ich aus der Zeit mitnehme…</strong></span></td>
<td width="376"><em>Wenn ich an die Zeit in Kolumbien denke, muss ich immer automatisch an die fröhlichen Gesichter der Kinder denken, die mir schon morgens vor dem Unterricht „hola profe!“ entgegen gerufen haben, auf mich zugelaufen sind und mich umarmt haben. Diese besondere Herzlichkeit und Fröhlichkeit der Menschen zeichnen das Land aus und stecken einfach an. Zufriedenheit mit dem was man hat und Freude auch an kleinen Dingen zu haben, ist den Menschen genauso wichtig und schenkt ihnen Genügsamkeit und Lebensfreude.</em></p>
<p>&nbsp;</td>
</tr>
<tr>
<td width="376"><span style="color: #008080;"><strong>Was ich jetzt im Verein mache…</strong></span></td>
<td width="376">
<em>Nach meiner Rückkehr 2011 habe ich mich weiterhin im Verein engagiert. Mittlerweile bin ich Vostandsmitglied und bin für den Bereich Weltwaerts mit zuständig. Vorallem die pädagogische Begleitung (Vor- und Nachbereitung, Begleitung während des Auslandeinsatzes) gehören nun zu meinen Aufgaben.</em></td>
</tr>
<tr>
<td width="376"><span style="color: #008080;"><strong>Kontakt</strong></span></td>
<td width="376">&nbsp;</p>
<p><em><a href="mailto:klara(at)aguablanca-herborn.de">klara(at)aguablanca-herborn.de</a></em></td>
</tr>
</tbody>
</table>
